by 14?
13
Let c(n) = n**2 + n - 3. Let d be c(-3). Suppose -d*j + 4 = -2. Calculate the remainder when 4 is divided by j.
0
Let u(f) = 10*f**2 + 13 + f**3 - 3*f + 2*f + 4*f - 2*f. Let b be u(-10). Suppose 0 = -b*w - 2*w + 20. Calculate the remainder when 11 is divided by w.
3
Calculate the remainder when 4/(-8) + 33/6 is divided by 2.
1
Let x = -5 + 5. Suppose x = -v - v + 4, o - 2 = 5*v. What is the remainder when 8/(-20) - 354/(-10) is divided by o?
11
Let d(z) = z**3 - 20*z**2 + 20*z - 12. Calculate the remainder when 26 is divided by d(19).
5
Let i(y) = y**3 + 5*y**2 - y + 1. Let h(q) = -3*q**2 + 2*q + 1. Let o be h(-1). Calculate the remainder when i(o) is divided by 6.
3
Let w(o) = -4*o**2 + o + 11. Let n(x) = -x**2 + 1. Let k(c) = 3*n(c) - w(c). Let j = 159 + -95. Calculate the remainder when j is divided by k(6).
20
Let m(c) = -c**2 + c + 72. Let k be m(0). Suppose -w + k = 2*w. Calculate the remainder when w is divided by 9.
6
Let l = 129 - 40. Suppose 32 = -3*u + l. What is the remainder when 56 is divided by u?
18
Suppose 3*n - 68 - 1 = 0. Suppose n = 5*q - 4*p - 43, 3*q - 34 = p. Calculate the remainder when 28 is divided by q.
8
Let y(d) = -11*d + 1. Suppose 4*v + 3*b - 48 = 0, -4*b - 21 = -2*v + 3. Calculate the remainder when y(-3) is divided by v.
10
Let j = 21 - -29. Let z be 5*18/(3 - 0). Let n = -13 + z. Calculate the remainder when j is divided by n.
16
Let i = -15 + 30. Let t = -7 + i. Calculate the remainder when 14 is divided by t.
6
What is the remainder when 45 is divided by ((-8)/16 - 2/(-8))*-68?
11
Suppose -47 + 1 = -3*c - 5*t, 4*c - 5*t = 38. Suppose 61 = 3*v - 74. Calculate the remainder when v is divided by c.
9
Let i(v) be the first derivative of -3*v**4 + v**2/2 + v - 4. Calculate the remainder when 46 is divided by i(-1).
10
Suppose -3 = -3*u + 3. Calculate the remainder when 55 is divided by -8 + 28 + (1 - u).
17
Suppose -6*m + 3*m = -5*g + 90, 2*g = 4*m + 22. What is the remainder when 59 is divided by g?
17
Suppose u - 2*h = 10, -2*h = -3*u - 0*h + 18. Suppose -2*c + 30 = u*f, -4*f - 78 = -5*c + 25. Calculate the remainder when 73 is divided by c.
16
Let p(q) = 2*q - 23. Let d be p(13). Suppose -d*b - 37 = -4*k, 2*k + 3*b = 42 - 1. Calculate the remainder when 51 is divided by k.
12
Let s = 39 + -21. What is the remainder when s is divided by (-4)/(-2) + 8 + 0?
8
Calculate the remainder when 26 is divided by (-2 - -1)/(1/(-7)).
5
Suppose -3 = j - 1. Let s = 16 + -11. What is the remainder when s is divided by j/3 - (-16)/6?
1
Let o(w) = 27*w**2 - 3*w + 1. Calculate the remainder when o(2) is divided by 26.
25
Suppose -53 + 1 = -4*r. Let b = 6 - -2. Calculate the remainder when r is divided by b.
5
Suppose -4*i = -3*g - 11 + 63, 5*i = -3*g + 70. Let s(t) = t**3 + 6*t**2 - 9*t - 7. What is the remainder when g is divided by s(-7)?
6
Let m(z) = -z**3 - 4*z**2 + 6*z + 7. Let q be m(-5). Let i be (q - 1)/((-1)/11). Let r = 25 + i. What is the remainder when 41 is divided by r?
13
Let u = 4 + -1. Suppose 3*f - u + 2 = -t, 0 = -5*f - 25. What is the remainder when t is divided by 9?
7
Suppose 4*w = 3*t - 34, -2*t = -3*t - 2*w + 8. Suppose -152 = -3*f - f. Calculate the remainder when f is divided by t.
8
Suppose -2*v = -2*z - 10, -4*v = -9*v + 25. Suppose 0 = -z*r - 4*r + 68. Suppose -2*q - r = -57. Calculate the remainder when 38 is divided by q.
18
Let o = -29 - -35. Let d(z) = -z**3 + 6*z**2 - 4*z + 5. Let s be d(4). Let j = -11 + s. What is the remainder when j is divided by o?
4
Let h be -46*(7/2 - 3). What is the remainder when 4 is divided by h/(-7) - 4/14?
1
Suppose -5*z + 214 = -2*s, -3*z + 27 + 109 = -5*s. Calculate the remainder when 167 is divided by z.
41
Let y = 1 + 12. Let r = 0 + y. Calculate the remainder when 37 is divided by r.
11
Let n(p) = p**3 + 17*p**2 - 20*p + 7. What is the remainder when n(-18) is divided by 11?
10
Let r be ((-5)/(-2) - 3)*0. What is the remainder when (r - 2) + 3 + 3 is divided by 2?
0
Calculate the remainder when 29 is divided by 158/10 - (-20)/(-25).
14
Suppose 0*b + 4*b = -24. Let o be 3/(-9) - (-76)/b. Let p = o + 30. Calculate the remainder when 49 is divided by p.
15
Suppose 0 = 3*f - 5 - 10. Suppose -2*s + f = -69. Calculate the remainder when s is divided by 13.
11
Suppose 0 = -0*z + 4*z + 52. Let j = z - -7. Let y = j - -11. What is the remainder when 14 is divided by y?
4
Let p = 188 - 97. What is the remainder when p is divided by 23?
22
Let g(w) = w**3 - 4*w**2 - 3*w + 3. Let b be g(4). Let y = b - -13. Suppose y*x - 10 = -2. What is the remainder when 3 is divided by x?
1
Suppose 22*g - 18*g = 8. What is the remainder when 4 is divided by g?
0
Let h(o) = o**3 - 13*o**2 + 8*o - 2. Calculate the remainder when h(13) is divided by 8.
6
Suppose 2*g - 4*g + 5*s = -11, 2*s - 42 = -5*g. Calculate the remainder when 31 is divided by g.
7
Suppose -2*n = 2*n - 40. Suppose -3*h + 3*p = -48, -2*p = -0*p + n. Calculate the remainder when 20 is divided by h.
9
Suppose 2*f = 5*f - 774. Let j = -126 + f. Suppose 0*s + 2*s = j. Calculate the remainder when s is divided by 17.
15
Calculate the remainder when (-1266)/(-15) + 12/20 is divided by 22.
19
Suppose 3*n - 8*n = -30. Calculate the remainder when n is divided by 2/4 + 30/12.
0
Let u(y) = 5*y - 2*y - 4*y + 8 + 14. What is the remainder when 69 is divided by u(8)?
13
Let b be 120/9 + (-3)/9. Suppose a - 4*k = 5 + b, 5*k = -a + 18. Suppose -4*i - 1 = -41. Calculate the remainder when a is divided by i.
8
Suppose -6*f = -f + 30. What is the remainder when (-2)/4 - 153/f is divided by 7?
4
Let d = 50 + -3. Calculate the remainder when d is divided by 17.
13
Let b(i) = -i**2 + 6*i - 6. Let p be b(4). Suppose 0 = -0*l + p*l - 86. Calculate the remainder when l is divided by 11.
10
Suppose 4*k + 3*b - 2*b = -28, 0 = 3*k + 2*b + 26. Let l = k - -10. Calculate the remainder when l is divided by ((-2 - -1) + 2)*2.
0
Let a(n) be the first derivative of -7*n**2 - n + 3. What is the remainder when 24 is divided by a(-1)?
11
Let t be 5/(-15) - 22/6. Let w(b) = -b**3 - 2*b**2 + 2*b - 5. Let q be w(t). Suppose 4*i - 13 = q. What is the remainder when i is divided by 3?
2
Suppose 2*y + 2*y = 0. Suppose y = -f - 10 + 48. Calculate the remainder when f is divided by 13.
12
Suppose 5*u - 2*y = 25, 14 = 5*u - 7*u - 4*y. Suppose 3*l = -5*h - 70 + 51, -5*h = 25. Calculate the remainder when u is divided by l.
1
Let q(t) = 15*t**2 + 5*t. Let b(a) = 30*a**2 + 9*a. Let s(g) = 6*b(g) - 11*q(g). Let m = -64 - -110. Calculate the remainder when m is divided by s(-1).
14
Suppose 5 = 4*x + 29. Calculate the remainder when (x/(-4))/((-9)/(-132)) is divided by 12.
10
Let w = -39 + 43. Calculate the remainder when 19 is divided by w.
3
Let r(j) = 3*j - 71. What is the remainder when (-15)/6*(-12 - 0) is divided by r(29)?
14
Suppose i - 3*i = -70. Suppose 3*n + 8 = i. Let u(g) = g**3 + 3*g**2 - 2*g + 1. What is the remainder when u(2) is divided by n?
8
Suppose -5*i = 6*i - 1342. What is the remainder when i is divided by 42?
38
Suppose 25 = y - 0. Let n = 41 - y. Calculate the remainder when 79 is divided by n.
15
Suppose -2*r + 0*r = -18. Let t(u) = -18*u - 1. Calculate the remainder when t(-1) is divided by r.
8
Let v = 37 - 22. Calculate the remainder when 28 is divided by v.
13
Suppose -4*k + 3*u = -256, -3*u + 31 = k - 48. Calculate the remainder when k is divided by 14.
11
Suppose 0 = -17*u + 16 + 35. What is the remainder when (-42)/(-4) + 1/2 is divided by u?
2
Suppose -4*w + 30 = -0*w + 5*u, 4*u + 8 = 0. Let x = w - -6. Suppose -k = -30 + 1. Calculate the remainder when k is divided by x.
13
Let x(h) = -h + 2. Let j(u) = -u**2 + 16. What is the remainder when j(0) is divided by x(-7)?
7
Suppose 4*o - 52 = -5*u, -4*o = -3*u + 4*u - 68. What is the remainder when 69 is divided by o?
15
Let y = 7 + 2. What is the remainder when 16/(-3)*-1*3 is divided by y?
7
What is the remainder when 3/4*656/4 is divided by 34?
21
Let b be 38/(-9) + (-10)/(-45). Calculate the remainder when -10*(-2 + -1 + 2) is divided by 126/35 + b/(-10).
2
Let t(v) = -4*v - 11. What is the remainder when 16 is divided by t(-5)?
7
What is the remainder when 116 is divided by 2 + (3 - 2 - -21)?
20
Suppose -18 - 18 = -o. Let g = -3 - -5. Suppose -g*a + 22 = 4*z, 0*a = 2*a + 